 Let i be d(9). Let m = f + i. Is m composite?
True
Let j(k) = -1021*k + 870. Is j(-47) composite?
False
Is 28/(-98)*7 - (-35865 + -1 + 1) a composite number?
False
Let l(z) = 29*z**2 + 73*z - 4557. Is l(89) prime?
False
Let t be 2/(-3) + (-4)/12 - -12. Let f(r) = 49*r**2 + 29*r - 81. Is f(t) a prime number?
False
Suppose 40 = 5*j - 4*u, 4*u - 16 = -3*j + 8*u. Suppose 4*n - 29 = -3*r + 7, j = 3*r. Is 2672/n - 4/(-6) composite?
True
Suppose 0 = 3*x - 7*x + 755744. Let f be 1 + 1/(-5) + x/55. Suppose f = q + 3*l, -l - 2416 + 16149 = 4*q. Is q a prime number?
True
Let s(h) be the third derivative of 0*h - 1/3*h**3 + 1/8*h**4 + 179/10*h**6 + 0*h**5 - 11*h**2 + 0. Is s(1) a prime number?
False
Let i = 29664 + -19921. Is i a composite number?
False
Let c(o) be the third derivative of 13*o**5/30 - o**4/4 + 19*o**3/6 - 1573*o**2. Let h = -19 + 34. Is c(h) composite?
False
Let g(k) = -204*k + 2. Let i(r) be the third derivative of -r**6/120 + r**5/3 - r**4/24 + 17*r**3/6 - 11*r**2. Let w be i(20). Is g(w) a composite number?
True
Let p(n) = 45*n - 70. Let h be p(4). Suppose 2*j = -2*c + h, -5*c - 3*j - 37 + 318 = 0. Is c composite?
True
Let t(p) = -5*p - 32. Let g be t(-6). Is -2 + (-8052)/(-20) + g/(-5) a composite number?
False
Let j = -682 + 685. Suppose x - 5*f + 30516 = j*x, 2*f = x - 15249. Is x a prime number?
False
Suppose -3*g + 10*g - 77 = 0. Let m be (-13)/g + (-4)/(-22). Is ((-14)/(-4) - m/(-2)) + 119 a composite number?
True
Suppose -2*h - 6302 = 5*d - 107933, 5*h - 40 = 0. Is d a prime number?
True
Suppose 19354 = -63*y + 66*y - 181295. Is y a composite number?
False
Suppose -71832 = 70*r - 62*r. Let x = -3880 - r. Is x a composite number?
False
Let i be (42/14)/(6/10). Suppose 4*j - 29 = i*d, 2*d + 8 = -3*j + j. Is ((-84)/(-18))/(j/3) composite?
True
Suppose 4*p + t = 23 - 8, 5*t + 25 = 5*p. Suppose w = p*w - 1521. Let n = w + 656. Is n a prime number?
True
Let g(d) = 2 + 7*d**2 - 10 + 4*d - 2 - 6*d**2. Let b be g(-6). Suppose b*t = z - 193, -4*t - 196 = -z - 3*t. Is z prime?
True
Suppose -14*l + 1349166 = -728994. Is 9/(-24) - l/(-64) a composite number?
True
Suppose 57*h = 37*h. Suppose -8*f + 4227 + 3845 = h. Is f composite?
False
Let v(h) = -2*h**3 + 117*h**2 - 18*h + 54. Is v(49) prime?
False
Let a(h) = 65*h + 14 - 100*h + 59*h. Is a(1) composite?
True
Let z(d) = 2*d**2 + 28*d + 821. Is z(88) prime?
True
Suppose 81*q = -11*q + 72895372. Is q prime?
False
Is (8 - 1) + 609784/7 composite?
False
Is (-44 - -43)/((-5)/64475) a prime number?
False
Suppose 72 = -4*g + 10*g. Let i be ((g/10)/1)/((-12)/(-40)). Suppose 2*w - 164 = t, -i*w = -t - 102 - 228. Is w a composite number?
False
Let c(q) = 420*q**2 - 1. Suppose -9*z = 11 - 2. Let h be c(z). Let b = h + -166. Is b composite?
True
Suppose -5*t + 35*t + 107760 = 0. Let l = t - -6681. Is l a composite number?
False
Suppose 0 = -f + 3*f + z - 23378, f - 11689 = -4*z. Suppose 0 = 44*t + 9*t - 106. Suppose t*a + 3803 = f. Is a a composite number?
False
Let d(o) = -13*o - 11*o**2 + 6 - 2*o**2 + 121*o**2 - 51. Is d(-4) a prime number?
False
Let o = -128479 + 320258. Is o a composite number?
True
Is 3/((-8)/(12089392/755545) + (-1)/(-2)) composite?
False
Let r = -2688 - -66209. Is r prime?
True
Suppose -6*h + 2*h = -132. Suppose -h*g + 6473 + 31081 = 0. Is g a composite number?
True
Let d be (-2 - 1)/((-6)/(-20)). Let y(m) be the second derivative of -145*m**3/6 + 47*m**2/2 + m + 26. Is y(d) a composite number?
True
Let b(r) = 11*r**2 + r - 53. Let m be b(-7). Suppose -y + 602 = -m. Is y a composite number?
True
Let t = 65265 - -855656. Is t prime?
True
Let q(p) = 20700*p - 365. Is q(4) a composite number?
True
Let w(d) = 24*d + 1. Let m(i) = -6*i**3 + 2*i**2 + 3*i + 15. Let y(t) = 5*t**3 - 3*t**2 - 2*t - 14. Let g(s) = 4*m(s) + 5*y(s). Let q be g(7). Is w(q) prime?
True
Let y(p) = -2*p + 20. Let x be y(8). Suppose -4*r - 30600 = -5*t - 3*r, 0 = -x*t - r + 24489. Is t a composite number?
False
Let h(t) = -56*t**2 - 3*t + 46. Let z(m) = -58*m**2 - 5*m + 46. Let f(u) = -4*h(u) + 3*z(u). Is f(-5) a composite number?
True
Let c = -3795 - -2109. Let t = c + 1202. Let d = -163 - t. Is d composite?
True
Let o(f) = -10*f**3 + 6*f**2 - 4*f. Suppose 0 = -2*b + 10, -v - 5*b + 30 = -2*v. Let u be o(v). Suppose 5*j - 445 = u. Is j composite?
False
Suppose 1202 = 6*k - 940. Suppose -k - 461 = -2*f. Is f composite?
False
Let b(o) = -835*o - 25. Let q(c) = -836*c - 26. Let d(x) = 6*b(x) - 7*q(x). Let l be d(6). Suppose 4*w - l = -4*n, -w + 2*n + 1139 = -138. Is w prime?
False
Let c = -1142 + 2389. Let u = -3338 - -5750. Let r = u + c. Is r a composite number?
False
Let u be -1*(12868 - -8 - -6). Let m = -9080 - u. Is m prime?
False
Let a(y) = 79*y**3 + 122*y**2 - 374*y - 26. Is a(21) composite?
False
Is (2/7)/((-36)/(-640962)) prime?
True
Let y(o) be the third derivative of o**5/60 - 11*o**4/12 - 47*o**3/6 + 66*o**2. Is y(-18) a prime number?
True
Let p = -2634 - -2638. Let g(o) = -o**3 + 6*o**2 + 6*o + 10. Let b be g(7). Suppose b*h + 187 = q, 2*q - p*q + 353 = h. Is q a composite number?
True
Let h = -99 + 117. Let d(g) = -35 - 3*g + 6*g + 13*g. Is d(h) a prime number?
False
Let z = 26329 + -17066. Let k = z - -2600. Is k a prime number?
True
Let u = -150 - -152. Suppose p - 5*g + 1728 = 5*p, -882 = -u*p + 2*g. Is p a prime number?
False
Let m = 122 - 113. Suppose 4*t - 7370 = -5*l + m*t, -3*t - 9 = 0. Is l a prime number?
True
Suppose 77*x + 4336660 = 193*x. Is x composite?
True
Let z be (-3)/(-7) - (36/(-63) - 2). Suppose -5*a + 14 = -26. Suppose -z*i + 28127 = a*i. Is i prime?
True
Let o(t) = -365 - 95*t + 73*t + 545 + 1011 + 432. Is o(0) a composite number?
True
Let k(w) = w + 139 - w**2 + 275 + 305. Let f(z) = -13*z - 156. Let h be f(-12). Is k(h) composite?
False
Let h(l) be the first derivative of 8*l**3 - l**2/2 - 31*l + 275. Is h(10) a composite number?
True
Let x(h) be the first derivative of 219*h**2/2 + 15*h - 18. Let q be x(14). Suppose -1672 - q = -7*a. Is a composite?
True
Let t = -1125 - -23392. Is t a composite number?
True
Let s be 1 + 16/(-12) - 2/(-6). Suppose -5*p - 2*a + 607 = s, p + 3*a = 5*a + 119. Is p a composite number?
True
Suppose a + 3*n = 16784, 48*n = 43*n + 5. Is a a prime number?
False
Let q(f) = 5*f**3 - 11*f**2 + 24*f + 9. Let r(b) = 27*b**3 - 54*b**2 + 121*b + 44. Let s(o) = 11*q(o) - 2*r(o). Is s(18) a prime number?
True
Suppose 0 = -5*l - 8*l + 26. Suppose -5*o = 8*y - 13*y - 42580, -l*o = 4*y - 17044. Is o a prime number?
False
Is (2/24 - 10246987/(-564)) + (-2)/(-4) prime?
True
Suppose 5*r - 242920 = -y, -3*r - 2*y + 121131 = -24628. Is r a prime number?
False
Let u be (-24060)/(-65) - -5 - (-2)/(-13). Let z = -575 + u. Is 6/2 - (z + 1) a composite number?
True
Let t(c) be the first derivative of -4*c + 3/2*c**2 + 120*c**3 + 3. Is t(1) prime?
True
Let r = -655509 - -1177432. Is r composite?
False
Let p be (-34 + 7 + -17)*(-1579)/1. Suppose 156819 = 5*s - p. Is s composite?
False
Let j be 309*1/6 + 2/4. Let s = j - 55. Is 135 + 7 - s/(-3) a composite number?
True
Let j(k) = -8*k + 4. Let b be j(-5). Suppose 5*l + 11973 = b*l. Is l a composite number?
False
Let t = 14226 + 4103. Is t a composite number?
False
Let l(t) = 9242*t - 739. Is l(3) prime?
True
Let i = 92 + -88. Let p be (i/10 + 0)*(-60)/4. Let u(g) = -22*g**3 + 7*g**2 - 5*g + 5. Is u(p) a prime number?
True
Suppose 0*i = 11*i - 55. Suppose -i*d = -d - 12. Suppose -4*f + d*u + u = -1936, -3*u = 15. Is f prime?
True
Suppose 4*w = 12, 0*y = -2*y - 4*w + 56. Is (362/(-4))/((-11)/y) composite?
False
Let u be (-1618)/(1*1/(-2)). Let x = 5409 - u. Is x composite?
True
Let n be (-1)/(-5 + (-30)/25*-4). Suppose 2*x + n*x = 6349. Is x a prime number?
True
Let l = -1 + 4. Let b be (-16)/(-144) + (-6)/54*1. Suppose 3*q = -a - b*a + 3411, -q + 1137 = -l*a. Is q a prime number?
False
Let g(n) = -n**2 - 77*n - 44. Let l be g(-30). Let u = l - 923. Is u a composite number?
False
Let a(o) = -2*o + 26. Let s be a(13). Suppose -r + 14046 = 2*t, s*r + 14040 = 2*t - 2*r. Is t composite?
True
Let u(m) = 371*m - 2. Let w(z) = 749*z + 3. Let c(g) = 375*g + 2. Let h(y) = -7*c(y) + 4*w(y). Let l(a) = -4*h(a) + 3*u(a). Is l(-1) a composite number?
False
Suppose -2*y + 325 = v, -v + 372 - 62 = -3*y. Let z = 146 - v. Let h = z - -120